ivative of h(n). Give y(1).
-5
Let x(c) = -2*c + 1 + 0*c + 3*c - 4. Suppose 3*w - 13 = -4. Suppose 0 = n - 0 - w. What is x(n)?
0
Let m be (-3)/((-54)/15)*2*-3. Let w(j) be the third derivative of j**4/24 - j**3/6 + j**2. Give w(m).
-6
Let d(m) = m**3 + 4*m**2 - 3*m + 1. Let g(t) = t**2 - t + 1. Let c(b) = d(b) - g(b). What is c(-4)?
-8
Let j = -13 - -13. Let v(i) = 2 - 3*i + i + j*i. Let m(f) = -f**3 + 2. Let p be m(0). Give v(p).
-2
Suppose -4 + 12 = -2*x. Let p be (-4 - x)/(0 + -1). Let j(v) = -v**3 + v**2 + 10. Determine j(p).
10
Let s(k) = 3*k + 6. Let f(h) = 2*h + 7. Let o(g) = 4*f(g) - 3*s(g). Let d be (-4)/(-5) - 4/5. What is o(d)?
10
Let r = -7 + 5. Let c be (-1)/((-1)/r) - -5. Let b(y) be the first derivative of -y**2 + y + 6. Calculate b(c).
-5
Let c = 0 - 1. Let x(n) be the first derivative of -n**2/2 - 2*n - 11. Give x(c).
-1
Let c(j) = -j**2 + 6*j + 2. Let p = 17 - 11. Determine c(p).
2
Suppose -2*x - p - 6 = -3*x, -4*x - p - 1 = 0. Let n(h) = -16*h**3. Give n(x).
-16
Let t(m) = 2*m**3 + 2*m**2 - 6*m - 8. Let f(l) = -l**3 - l**2 + 3*l + 4. Let z(s) = -13*f(s) - 6*t(s). Calculate z(-3).
-13
Let t(z) = 6*z**2 + 6*z + 1 - 9*z**2 - 7*z. What is t(1)?
-3
Let m(f) = 2*f**2 + f + 1. Suppose 5*i + 22 = -y, 2*i + 12 = -5*y - 6. Give m(y).
7
Let i(y) be the second derivative of 1/4*y**5 + 1/12*y**4 + 0 - 1/2*y**2 + y + 0*y**3. What is i(-1)?
-5
Let h(b) = -13*b**3 - 2*b**2 - 4*b + 5. Let o(l) = 12*l**3 + 2*l**2 + 3*l - 4. Let t(s) = -3*h(s) - 4*o(s). Determine t(1).
-10
Let n be (-5)/15 - (44/(-6) + 1). Let q(g) = -g**2 + 6*g - 1. Determine q(n).
-1
Let t(u) = 4 + u + 2*u - u. Suppose 2*r = -4*y - 24, 4*r = 8*r. Calculate t(y).
-8
Let t(y) = 3*y - 2. Let s(n) = -4*n + 3. Let j(k) = 5*s(k) + 7*t(k). What is j(-4)?
-3
Let z(o) = 2*o**2 - 1. Let t(a) = -a**2 + 20*a + 46. Let y be t(22). What is z(y)?
7
Let l(d) = 6*d - d**2 + 4 - 3*d**2 - 2 - 8*d + d**3. Determine l(4).
-6
Let u(m) be the first derivative of m**3/3 - m**2/2 - 3*m - 1. Suppose l = t, -3 + 7 = 2*l. Suppose -3*d + 7 = -t. Determine u(d).
3
Let r(i) = -5*i**3 - i**2 + i + 1. Suppose 0 = -5*v - 4*g + 2*g - 3, 5*v = 4*g - 9. Give r(v).
4
Let x(g) = -g**3 - 3*g**2 + 4*g. Let v be x(-4). Let b(o) = -2*o - 3 - o**3 + v*o**2 + o**2 - o**2 + 3*o**2. What is b(3)?
-9
Let k be 1/(-2)*-4 - 11. Let j be (-2)/k + 116/(-36). Let z(t) be the third derivative of -t**5/60 - t**4/12 + t**3/3 + t**2. Calculate z(j).
-1
Let k(g) be the second derivative of -g**5/20 + g**4/4 - g**3/6 - g**2 + 3*g. Let d(v) = v**3 + 7*v**2 - v - 5. Let z be d(-7). Determine k(z).
0
Let j(g) = -g - 3 + 5 - 4*g + 0. What is j(-2)?
12
Let l(k) = 2*k. Suppose 2*c - 7 = -9. Give l(c).
-2
Suppose s + 3*f + 6 = 0, 5*s + 3*f = -2*f + 10. Let p(j) = -3*j**2 - 2*j**2 + j**3 + 9 - j + 3*j - 8*j. Determine p(s).
9
Let j(n) be the second derivative of -n**5/20 + n**3/6 + 3*n**2/2 + 3*n. Determine j(0).
3
Let q(d) = d**3 - d**2 - 2*d - 2. Let r be q(0). Let n(k) = 2*k - 1. Give n(r).
-5
Let v(y) = -3*y**2 - y + 1 + 4*y**2 - y**3 + 0*y**3. Let m(w) = 3*w**3 - 5*w**2 + w - 3. Let u(a) = m(a) + 2*v(a). Give u(3).
-4
Let w(p) = 1. Let q(i) = -i. Let a(k) = q(k) - 2*w(k). Give a(-9).
7
Let w(b) be the first derivative of b**4/4 - 4*b**3/3 - 3*b**2/2 - 7*b - 2. Let i = -1 + 6. Calculate w(i).
3
Let w(d) = -d**2 + d - 1. Let r(t) = 7*t**2 + 2. Let y(l) = -r(l) - 6*w(l). Let i be y(-6). Let n(p) = p**2 - 5*p - 2. Give n(i).
-6
Suppose -5*j + q = 4*q - 23, -4*j - 2*q + 18 = 0. Suppose 2*i = 2*x + 1 + 3, -j*i + 10 = -3*x. Let v(y) = 0*y + 0 - 6 + 3*y. What is v(i)?
6
Let u(o) = -o**3 + 6*o**2 - 5*o - 3. Let l be u(4). Let d be (-7 + l)*(-2)/4. Let a(t) = 3*t**3 - t**2 - t - 1. What is a(d)?
-4
Let z be (-4)/(-3)*6/4. Let h(x) = -2*x**2 + 2 + 5*x - 3*x**3 + 2*x**3 + x**z. Suppose -2*q = 9 - 3. Calculate h(q).
5
Let c(q) = 1 + 3*q - 2*q - 2*q. Determine c(-3).
4
Let c(f) = -f**3 + 8*f**2 - 8*f + 4. Let d(n) = -n**3 + 19*n**2 + 18*n + 46. Let m be d(20). Give c(m).
28
Let d(f) = -f**2 - 5*f - 3. Suppose 1 = -h + 5*r - 8, -10 = -5*r. Suppose h + 3 = -2*l. Calculate d(l).
3
Let h(n) be the third derivative of -5*n**4/24 - n**3/6 + 3*n**2. Let t = -1 - 1. Let b be (0/1 + t)/(-2). Give h(b).
-6
Suppose -2*h = -3*h + 5. Suppose 0 = -r + 3*u - 5, -9*r - 4*u = -h*r + 4. Let y(a) = -4*a + 89*a**2 - 2*a**3 + 3*a - 2 - 91*a**2. Determine y(r).
8
Suppose -r - 3*o + 17 = 0, r = -4*o + 6 + 16. Let b(m) = 2*m + 2. Let s(k) = -2*k - 2. Let f(d) = 4*b(d) + 5*s(d). What is f(r)?
-6
Let s(x) = x**3 - 9*x**2 + 7*x - 9. Let q(i) = -3*i**3 + 26*i**2 - 21*i + 26. Let a(w) = 4*q(w) + 11*s(w). Calculate a(4).
-7
Let j(n) = n**3 + 3*n**2 + 2*n + 1. Let a = 2 + 0. Suppose a*m = -2*m - 4. Let u be j(m). Let l(c) = 7*c + 1. Calculate l(u).
8
Let w(l) = 4*l - 4. Let o(x) = -5*x + 4. Let m(c) = -3*o(c) - 4*w(c). Give m(-5).
9
Let n(k) be the second derivative of 2*k**4/3 + k**2/2 + 38*k. Determine n(-1).
9
Let h = -9 + 13. Let w(t) = -5*t + 2*t - h*t. Calculate w(1).
-7
Let r(p) = p**3 + 8*p**2 + 9*p + 8. Let s(m) = 7*m - 7. Let u be s(0). Determine r(u).
-6
Let n(f) = -f - 1. Let h(v) = -4*v - 2. Let c = -3 + 0. Let y(o) = c*n(o) + h(o). Let s be -1 - (3 - 2 - -1). What is y(s)?
4
Suppose 3*j - 2*g + 13 = 0, -2*j - 2*g = -4*g + 8. Let o(z) = z**3 + 5*z**2 + 2*z - 5. Calculate o(j).
-15
Let k(s) = -2*s**3 - 2*s + 8*s**3 + 3*s. Let h(o) = 74*o + 445. Let w be h(-6). Calculate k(w).
7
Suppose 0*c = -2*c + 4. Suppose -6*b + b + 20 = -5*t, 3*t + 6 = 0. Let s(u) = 2 - b + 1 + u. Give s(c).
3
Let u(h) = 2. Let l(r) = r - 1. Let c(w) = -3*l(w) - u(w). Calculate c(-5).
16
Let l(o) = -o**2 + o + 5. Let k = -4 - -7. Suppose -k*g = z - 20, 5*g + 5*z = z + 45. Let h = g - 1. What is l(h)?
-7
Let k(t) = 21*t - 11. Let m(u) = -7*u + 4. Let g(y) = -4*k(y) - 11*m(y). Let i(n) = n + 3. Let x be i(-4). Calculate g(x).
7
Let c(p) = 5*p**2 + 2*p - 1. Let h(d) = 2*d**2. Let u(v) = c(v) - 2*h(v). Determine u(-3).
2
Let v(w) = -w**3 - 4*w**2 + w + 2. Let b(p) = -2*p**2 + 3*p + 5. Let k be b(3). Determine v(k).
-2
Let k = 2 - -4. Let c(h) = h - 11. What is c(k)?
-5
Let f(v) = 1. Let n(y) = -y - 11. Let w(a) = -3*a - 22. Let b(c) = -5*n(c) + 2*w(c). Let t(m) = b(m) - 6*f(m). Let d = 3 + -7. Determine t(d).
9
Let k = 15 - 6. Suppose 6*q - 3*q + k = 0. Let d(i) = i**2 + i - 3. Give d(q).
3
Let m(w) = w**3 + 6*w**2 + 2*w + 6. Let l = 9 + -15. Determine m(l).
-6
Let j(q) = -q**2 + 10*q - 7 - 3*q + 2*q**2. Give j(-6).
-13
Let s be (0 - 1)*(-6 - -7). Let f(l) = 2*l**3 + 6*l**2 + 7*l - 4. Let m(q) = 2*q**3 + 7*q**2 + 8*q - 5. Let p = 5 - -1. Let k(n) = p*f(n) - 5*m(n). Give k(s).
-2
Let p be ((-20)/12)/(2/6). Let d(h) = 5*h + 26. Suppose 3*x - 5*j = 8, -3*x - 2*j = 2*x - 65. Let s(m) = m + 5. Let n(u) = x*s(u) - 2*d(u). Determine n(p).
-2
Let a(p) = -3*p - 14. Let o(j) = -j**3 + 3*j + 1. Let q be o(-2). Let i be (-12)/9*q - -2. Let t(d) = 10*d + 42. Let f(k) = i*t(k) - 7*a(k). What is f(-6)?
8
Suppose 15 = -3*v, f - 4*v = -9*v - 28. Let z(d) be the third derivative of d**4/8 + d**3/6 + 4*d**2. Determine z(f).
-8
Let k(q) be the third derivative of -q**6/120 - q**5/20 - q**4/24 + q**3/3 + 5*q**2. Calculate k(-3).
5
Let x(f) be the first derivative of -f**4/4 + f**3 + 5*f**2/2 - 5*f + 1. Let u(d) = -d + 1. Let n be (1 - -1)/(28/(-42)). Let q be u(n). Give x(q).
-1
Let p be ((-2)/(-4))/(6/(-12)). Let a(i) be the first derivative of -i**4 - i**3/3 + i + 3. Calculate a(p).
4
Let a be (-1 - -5)*5/5. Let t(o) = o**3 - 4*o**2 + o - 4. Determine t(a).
0
Let z(f) = -4*f**3 + 11 - f**3 + 6*f - 12*f**2 + 9 - 35*f. Let d(t) = t**3 + 3*t**2 + 7*t - 5. Let n(c) = -9*d(c) - 2*z(c). Calculate n(4).
1
Let l(j) = -j**2 - 5*j + 5. Let v(u) = -4*u**3 - u. Let p(z) = z + 8. Let n be p(-7). Let x be v(n). Calculate l(x).
5
Let n(f) = -f**2 - 6. Let l(m) = -3*m + 21. Let q be l(7). Give n(q).
-6
Let y(n) = -n + 5. Let i = 21 + -21. Calculate y(i).
5
Let j = 28 + -2. Suppose 3*u = 3*s - 21, -6*u = -2*s - u + j. Let h(w) = -3 + 3*w - 4*w + 0 + 4*w. Determine h(s).
6
Let l = -4 - -7. Let w(y) = -6*y + 2*y + 7 - 3 - l. Determine w(1).
-3
Let t(l) = -l + 3. Let d = -16 + 19. Let g be ((-33)/(-12) - d)*-12. Give t(g).
0
Suppose -3*i = 2*c - 10, -4*c - 16 + 6 = i. Let r(a) = -a**3 - a**2 - a - 1. Let k(n) = 4*n**3 + 11*n**2 + 4*n